?
2
Let m = 6 - -8. Let t = 33 - m. Suppose -5*u = -t - 31. What is the tens digit of u?
1
Let d = 847 - -2092. What is the thousands digit of d?
2
Let m(t) = t**3 + 51*t**2 + 2*t + 215. Let i be m(-51). Let f = -157 + 91. Let j = i + f. What is the tens digit of j?
4
Let m = -43 - -54. Let i = m - -9. What is the units digit of i?
0
Let o(j) = -2281*j - 121. What is the thousands digit of o(-2)?
4
Suppose 7128 + 3571 = 13*m. What is the hundreds digit of m?
8
Let n = 517 - 437. What is the units digit of n?
0
Suppose -5*p - 2*p = 0. Suppose p*v + 744 = 8*v. What is the units digit of v?
3
Suppose -72*t = -86*t + 1204. What is the units digit of t?
6
Let f(u) = -5 - 5*u**2 - 6*u**2 + u**3 + 3*u + 12*u - 5*u. Let i be f(10). Let s = 22 + i. What is the tens digit of s?
1
Suppose -192 = 2*n - 594. What is the units digit of n?
1
Suppose 2 = -2*x, -6*n - 2*x = -2*n - 3718. What is the tens digit of n?
3
Let i = 395 + -96. What is the tens digit of i?
9
Let o(c) = -2*c**2 + 47*c + 29. What is the units digit of o(20)?
9
Let j = -1 + 4. Let y(h) = h**3 - h**2 + h - 3. Let r be y(j). Suppose -n = -2*n + r. What is the units digit of n?
8
Let x be (793/3)/1 - (-6)/9. Suppose 45*r - x = 40*r. What is the tens digit of r?
5
Suppose -192 = -29*l + 23*l. What is the units digit of l?
2
Let x(t) = t + 7. Let c be x(3). Suppose 23*p = 18*p + c. What is the units digit of p?
2
Let w = 1298 - -32. What is the hundreds digit of w?
3
Let j be (-49)/21*-3*1. Suppose -2*z = 19 + j. Let u = z + 23. What is the units digit of u?
0
Suppose 4703 = 4*f + m, 379*f - 378*f + 3*m - 1162 = 0. What is the hundreds digit of f?
1
Let k(i) = i**3 - 22*i**2 + 23*i - 18. Let m(p) = -21*p. Let s be m(-1). What is the units digit of k(s)?
4
Suppose -4*r + 2*o - 1 = -3*r, r - 1 = o. Suppose r*v - 137 = 16. Suppose p = 4*p - v. What is the units digit of p?
7
Let r(j) = 4*j**2 + j - 1. Let y be r(1). Let u be (-6)/y*(-446)/3. Suppose 4*k - u = -3. What is the units digit of k?
5
Let n(d) = -59*d - 13. What is the units digit of n(-1)?
6
Let c(n) = -n**3 - 6*n**2 + 2*n + 6. Let p be ((-9)/1)/((-9)/(-6)). Let g be c(p). Let z(j) = -11*j - 9. What is the tens digit of z(g)?
5
Suppose 0 = -5*h - 4*f - 0*f - 38, -f + 22 = -4*h. Let o be (-652)/(-6) - h/(-9). Suppose 3*q + 3*l - o = 2*l, -2*q + 5*l = -72. What is the tens digit of q?
3
Let f be (8 - 1) + -3 + 1. Let u be (-3)/((25/(-15))/f). What is the units digit of ((-27)/12)/(u/(-240))?
0
Suppose 2*a = -a + 2*j + 17, -3*a - j + 14 = 0. Suppose 5*d = -3*h + 6*h + 14, 22 = a*d + h. Suppose -12 = -d*f + 44. What is the units digit of f?
4
Let p(h) = -2*h**3 + 9*h**2 + 26*h - 8. What is the tens digit of p(-4)?
6
Let k(g) = g**2 + 15*g + 8. Let u be k(-15). Suppose 4*p - u*p = -296. What is the tens digit of p?
7
Suppose 3*i + 1 = 16. Suppose 3*s = 3*b - 4*b + 3, -9 = i*s - 3*b. Suppose 3*t - 51 = -s*t. What is the tens digit of t?
1
Suppose k + 5*d - 5 = 0, -k = -d - 2*d + 3. Suppose 3*m - 2*m = 2*l + 7, -4*l - 4*m - 44 = k. What is the tens digit of -6*(l/4 - 1)?
1
Let l = 5 - -12. Suppose 0 = -2*g + 5*d + 15, -l = 3*g - 7*g - 3*d. Suppose -80 = -3*v - g*o, 2*v - 4*o + o = 28. What is the units digit of v?
0
Let o(q) be the third derivative of -q**7/240 + q**6/120 - 7*q**5/60 + 7*q**2. Let u(t) be the third derivative of o(t). What is the units digit of u(-2)?
8
Suppose 150 = 3*o - 9. Let n = o - 24. What is the tens digit of n?
2
Suppose g + 4 = -1. What is the hundreds digit of g - (-5)/(10/218)?
1
Suppose 2*r = -h, 3*h - r + 1 = 4*h. Let m be 0*(-3)/(h*-3). Suppose m = 3*z - 38 - 40. What is the units digit of z?
6
Suppose 0 = 37*c - 35*c - 6134. What is the hundreds digit of c?
0
Let f = -13 + 15. Suppose 0 = f*x - 4 - 118. What is the tens digit of x?
6
Let g be -2*(4 + (-44)/(-8)). Let y = -17 - g. Suppose 0*j + 50 = 2*p - y*j, 5*j = -5*p + 135. What is the units digit of p?
6
Let q = -18 + 22. What is the units digit of ((822/q)/3)/(1/2)?
7
Let v = 728 - 329. What is the units digit of 5/(-20) + v/12?
3
Let z be 14/(-28) + (-9)/(-2). Let i(h) = 2*h**2 - 4*h - 7. What is the units digit of i(z)?
9
Let z(w) = 3*w**2 + 1 + 3*w**2 - 2*w - w + 5*w**2. What is the tens digit of z(2)?
3
Let r be 6/(-9) + 11/3. Let t = r - -12. What is the tens digit of t?
1
Suppose 2*f = 2*m - 5428, 3*f = -m - 192 + 2926. What is the units digit of m?
9
Suppose 15 = 2*n - 1. Let d be -4 + n - (-2 + 0). Suppose d*a = 3*a + 36. What is the tens digit of a?
1
Suppose 0 = 4*x, 3*x = 3*f + x. Suppose 2*m - 333 - 63 = f. What is the units digit of m?
8
Suppose 6*b - b - 115 = 0. What is the tens digit of b?
2
Suppose 5*h = 6*i - 5*i - 754, -3*i - 2*h + 2296 = 0. What is the units digit of i?
4
Suppose 3*h - 288 = 126. What is the tens digit of h?
3
Let q(l) = -23*l - 4. Let s be q(-6). Suppose -u = 3*c - s, -2*c - 94 = -4*c - 3*u. What is the tens digit of c/2*3/2?
3
Suppose 3*p = -3*a + 15066, -5*p + 50 = 2*a - 10003. What is the units digit of a?
9
Let p(k) = 5*k**2 + 8*k - 9. Let x be p(8). Suppose -8 = -4*z, -112 = 5*r - z - x. What is the units digit of r?
3
Let m = -35 - -362. What is the units digit of m?
7
Let f(x) = x + 2. Let g(l) = -2*l - 1. Let j(n) = -4*f(n) - 3*g(n). What is the units digit of j(4)?
3
What is the units digit of 170784/180 + (-8)/10?
8
Let s(m) = -35*m + 20. Let y be s(-5). Suppose -y = -3*w - 3*c, 2*c + 4 + 46 = w. What is the units digit of w?
0
Suppose 7*i = 2*u + 2*i - 2, -4*u + i + 4 = 0. Let v = u + 3. What is the units digit of 18/v + 1/(-2)?
4
Let q = -1731 + 2956. What is the tens digit of q?
2
Let m(k) = k**2 + 2*k - 10. Let u be m(-7). Let g be (1 - 51)*10/u. Let z = -8 - g. What is the tens digit of z?
1
Let s be 36/15 + 4/(-10). Let j(i) = s + 2 + 3 - i**2 + 0. What is the units digit of j(0)?
7
Suppose 0 = -3*v + 2*v - v. Suppose v = 8*m - 12*m + 296. What is the tens digit of m?
7
Suppose -l + 7 = -2*o, 0 = l + 3*o - 1 + 9. Let j be 2/l - -15 - 1. Let k(c) = -c**2 + 19*c - 18. What is the tens digit of k(j)?
3
Suppose 2*a - z = 91, -5*a - 6*z = -z - 190. Suppose 221 = 2*q + a. What is the units digit of q?
9
Let m(z) = -184*z - 72. What is the hundreds digit of m(-11)?
9
Let y be (-2)/(-5) - (-76)/10. Let v = y - 5. Suppose 0 = -4*a - v*q + 14 + 13, -5*q + 12 = 3*a. What is the units digit of a?
9
Let g(x) = x**3 - 8*x**2 + 10*x + 2. Let z be g(7). Let k be z/4 + 6/(-8). Suppose k*o - 35 = -w, 3*o + 3 = 4*w - 3*w. What is the tens digit of w?
1
Let m = 66 - 42. Let c be (m/(-18))/(1/(-33)). Suppose -4*z = p - c, -2*p - p - 33 = -3*z. What is the tens digit of z?
1
Let m(a) = -a**3 + 17*a**2 - 12*a + 22. Let z(t) = -6*t - 14. Let q be z(-5). What is the tens digit of m(q)?
8
Let x be -1*12/(5 + 1). What is the tens digit of -1 + 289 + x + 3?
8
Let i(d) = 2*d**2 - 17*d - 18. What is the tens digit of i(-6)?
5
Suppose -s = 4*q + q + 25, 0 = 3*q + 15. Let x be 1 + (s - -1 - -2). Suppose 2*d + x*p - 58 = 0, -3*p + 7*p = 20. What is the units digit of d?
9
Let f(p) = 2*p**2 - 1. Let w be (-6 - -3)*1/(-3). Let t be f(w). What is the tens digit of (18/24)/(t/16)?
1
Let k(h) = -601*h**3 + 3*h + 4. What is the hundreds digit of k(-1)?
6
Suppose -393 = -19*o + 215. Suppose -w = -5*z + 4, -z = -w - 4 - 0. Suppose h = -3*n + o, z = 3*n - 2 - 1. What is the tens digit of h?
2
Suppose 5*x - k - 23815 = -0*x, -x + 4752 = 2*k. What is the thousands digit of x?
4
Suppose -8*p + 508 = -4*p. Let j = 187 - p. What is the tens digit of j?
6
Let r(t) = -10*t + 48. Let y be -38*(5 - (-36)/(-8)). What is the units digit of r(y)?
8
Let i(x) = 57*x**3 + x + 11*x**2 - 4 - 58*x**3 + 3*x. What is the tens digit of i(11)?
4
What is the tens digit of 6/(-39) + -8427*(-6)/117?
3
Let k(z) = 18*z - 1. Let v be k(1). What is the units digit of (-20 + v)*(0 + -75)?
5
Suppose -5*z + 0*z + p + 21 = 0, 4*z = -p + 24. Suppose -156 = -z*s - s. Let m = 57 - s. What is the units digit of m?
1
Let t be 2 + ((-8)/6)/(18/(-27)). Suppose -2*r = 6, -t*l + 249 = -3*r + 8*r. What is the tens digit of l?
6
Suppose 0 = 10*k - 0*k - 120. What is the tens digit of (-158)/(-2) - (11 - k)?
8
Let l(z) = 3*z**3 - 6*z**2 - 2*z. Let f(y) = -7*y**3 + 11*y**2 + 3*y + 1. Let x(s) = 4*f(s) + 9*l(s). What is the tens digit of x(-10)?
6
Suppose -121 = -4*i + 391. Suppose -m